ided by 11?
8
What is the remainder when 36 is divided by (1/3)/(6/414)?
13
Let z(j) = -j**3 + 11*j**2 + 13*j + 11. Suppose -16 = -c - 0*c + n, -3*n = 12. Let r be z(c). Let m = r - -6. Calculate the remainder when m is divided by 10.
9
Let x(v) = -v**3 + v**2 + 5*v + 4. Suppose -5 = 2*u - 5*m, 0*u = -4*u - 3*m + 55. Calculate the remainder when x(-3) is divided by u.
5
Suppose 6*p - 9*p + 929 = 5*s, 5*p = -3*s + 551. What is the remainder when s is divided by 19?
16
Calculate the remainder when (-4)/((-48)/22 - -2) is divided by -173 - -180 - (2 + -1)*-1.
6
Let j be 4/(-22) - (-464)/11. Let n = 45 - 27. Let s = j - n. Calculate the remainder when s is divided by 14.
10
Let d(m) = -13*m**3 + m**2 - 1. Suppose 7 = 3*f - 2*l, 3*f - l - 2 = -0. Calculate the remainder when 37 is divided by d(f).
11
Let h = -180 - -205. What is the remainder when h is divided by 14?
11
Let d(i) = i**2 - 23*i + 21. Let l be d(10). Let b = l + 111. What is the remainder when 11 is divided by b?
1
Let f(l) = l**2 - 5*l + 5. Let s be f(6). Suppose -s = -4*z - 27. Let j = 10 - z. What is the remainder when 69 is divided by j?
13
Let j = 8 - 22. Let d = j + 27. Let q = d - 2. Calculate the remainder when 32 is divided by q.
10
Let y = 808 + -709. Calculate the remainder when 395 is divided by y.
98
Let u = 963 + -675. Suppose 0 = 5*c - 4*c - i - 4, -5*i = -15. Calculate the remainder when ((-6)/(-8))/(8/u) is divided by c.
6
Suppose 0 = -t - 2*g - 3, -2*t = 2*t - 4*g - 24. Let m(x) = x**3 + 1. Let a be m(1). What is the remainder when (3/a)/((-3)/(-6)) is divided by t?
0
Calculate the remainder when ((-324)/(-30))/((-4)/(-40)) is divided by 11.
9
Let g(p) = 11*p**2 + 2*p + 12. Let k(v) = 10*v**2 + 2*v + 11. Let m(i) = -5*g(i) + 6*k(i). Calculate the remainder when m(-3) is divided by 12.
9
Calculate the remainder when -5*((-8)/(-40))/((-4)/624) is divided by 56.
44
Suppose 0 = -2*k + 9 + 3. What is the remainder when k is divided by (-64)/48*6/(-4)?
0
Let s = -43 + 40. What is the remainder when 23 + (4 - 13)/s is divided by 9?
8
Let l(m) = m**3 - 8*m**2 + 8*m + 2. Let x(j) = 11 + j**2 - 34 - 14*j + 17. Calculate the remainder when x(16) is divided by l(7).
8
Let u(c) = c**2 - 23*c - 44. Calculate the remainder when u(26) is divided by (-21 - -1)*(-10)/20.
4
Let a(y) = -y**3 - 8*y**2 - 8*y - 5. Let p be a(-7). Suppose 3*t - p*t - 61 = 5*g, -3*g - 55 = -t. What is the remainder when t is divided by 10?
6
Suppose 6*o = 12*o - 522. Let q(n) = n**2 + 2*n - 1. What is the remainder when o is divided by q(4)?
18
Suppose -480 = -5*a + 4*l, -5*a - 6*l = -2*l - 440. Let j(w) be the first derivative of 3*w**2 - 2. Calculate the remainder when a is divided by j(4).
20
Let n be 2 + 0/2 + 0 + -4. Calculate the remainder when 42 is divided by ((-27)/n + -2)*2.
19
Suppose -8*z + 27 = -6*z + v, 4*v = -3*z + 38. What is the remainder when 26 is divided by z?
12
Suppose -4*j - 69 = -581. Suppose -5*k + 18 = 4*c - 19, 9 = -3*k. Calculate the remainder when j is divided by c.
11
Let l be (2 + -12)*1*6/12. Calculate the remainder when 47 is divided by ((-2)/6)/(((-15)/(-153))/l).
13
Let z be 2/(-4)*(14 - 10). Let a(n) be the first derivative of -8*n**2 - 4*n - 1. What is the remainder when a(z) is divided by 10?
8
Let b be 4*((-5)/(-2) - 2). Let d be (b + 0)*9/6. Calculate the remainder when 26 is divided by (-8)/(-12) + 19/d.
5
Suppose -3*d - 100 = -5*k, -90 = -5*k - 0*d + 5*d. Let l = 7089 - 6885. What is the remainder when l is divided by k?
20
What is the remainder when 105 - (-4)/3*(-7 + 10) is divided by 57?
52
Let p(z) = 45 - 26 - 18 - 2*z - 14. Let s(j) = -2*j**2 - 7*j - 5. Let d be s(-4). Calculate the remainder when 6 is divided by p(d).
1
Let u = -74 - -76. Suppose -300 = -2*x + 3*g, x - g = u*x - 155. What is the remainder when x is divided by 26?
23
Suppose 0 = 12*z - 10*z + 634. Let d = z - -133. What is the remainder when ((-3)/(-2))/((-12)/d) is divided by 13?
10
Suppose 0 = -0*z - 5*z - 30. Let l = z + 15. Let a = l + 13. What is the remainder when 86 is divided by a?
20
Suppose -10*m = -6*m + s - 75, -84 = -5*m + 2*s. Calculate the remainder when m is divided by -2 + -1*(-12 + 0).
8
Suppose -29*z + 480 = -19*z. Calculate the remainder when z is divided by 6.
0
Let k = 7445 + -7437. Let l = 0 - -2. Suppose 0 = -n + l*n - 15. What is the remainder when n is divided by k?
7
What is the remainder when 337 is divided by (-1)/((-2231)/23460 - 2/(-24))?
82
Let k(w) = w**3 + 9*w**2 + 6*w - 18. Suppose -3*h = 4*y - 2*h + 21, y = 4*h - 18. What is the remainder when 161 is divided by k(y)?
53
Let p = -43 - -75. Suppose -6*b - 296 = -1046. What is the remainder when b is divided by p?
29
Let s = 30 + -32. Let h = s + 104. What is the remainder when h is divided by 26?
24
Suppose 0 = 5*i - 3*i - 180. Suppose -30*k + i = -28*k. Calculate the remainder when 222 is divided by k.
42
Let n = 558 + -515. What is the remainder when 293 is divided by n?
35
Suppose -4 = 3*q - 49. Let n = 11 - q. Let a = n - -16. What is the remainder when 44 is divided by a?
8
Let m(l) be the third derivative of l**6/120 - l**4/24 + 2*l**3/3 - 4*l**2. Let x be m(0). What is the remainder when 39 is divided by 15/x*8/3?
9
Let x(p) be the third derivative of -p**4/24 + 5*p**3/6 + 12*p**2. What is the remainder when 59 is divided by x(-10)?
14
Suppose -2*k + d + 7 = 0, 3*d - 4 = -k + 2*k. Suppose -100 = -2*p + 3*a, 6*a = -k*p + 2*a + 296. Calculate the remainder when p is divided by 19.
18
Let k(a) = 4*a**2 - 3*a - 1. Let u be k(-2). Let j = -21 + u. Suppose j = -o - 2*o + 45. What is the remainder when o is divided by 6?
3
Suppose 7*s = -s + 152. Suppose -85 = -2*b + 3*g, -4*b - 205 = -8*b - g. What is the remainder when b is divided by s?
12
Let f = -505 + 559. Suppose 3*n - 11 = 22. Calculate the remainder when f is divided by n.
10
Let t be -2 - (12/(-3) - 2). Let g = t + 2. Calculate the remainder when 34 is divided by g.
4
Let q be -9 - (-9)/3*1. Let z = 8 - q. What is the remainder when 55 is divided by (z/(-3))/((-12)/36)?
13
Suppose -k - 5 = -4. Let v be ((-36)/9)/(k/(-1)). Calculate the remainder when 21 is divided by -8*(18/v - -3).
9
Suppose 0*n - 5*q = -2*n - 137, -n = 2*q + 46. Let j = n + 69. What is the remainder when 25 is divided by j?
12
Suppose -o = -4*z + 28, -3*o = 2*z - 7 - 7. Let m(p) = -5*p - 3. What is the remainder when m(-3) is divided by z?
5
Let z be (-8)/12*6*1. Calculate the remainder when (-51)/(-3) - 0 - z is divided by (-16)/(-2) - (4 + -2).
3
Suppose -23 = 2*l - 5. Let x = l - -39. Calculate the remainder when x is divided by (-75)/(-7) + (-2)/(-7).
8
Let c = 756 - 623. Calculate the remainder when c is divided by 31.
9
Let w(q) = -5*q - 3. Let u = 22 - 16. Let l = u - -25. Calculate the remainder when l is divided by w(-4).
14
Let t = -47 - -52. Let c(p) = -p**2 + 3*p. Let o be c(4). Let n = t - o. What is the remainder when 17 is divided by n?
8
Suppose 11 = -5*r - 9, 0 = 4*u - 2*r + 52. Calculate the remainder when 39 is divided by ((-10)/u)/((2/(-21))/(-1)).
4
What is the remainder when (3*(-72)/28)/(18/(-63)) is divided by 3?
0
Suppose -n - 21 + 108 = 0. Let r(y) = y**3 - y**2 + y + 15. Suppose -3*o = -2*o. Calculate the remainder when n is divided by r(o).
12
Let m(g) = -7*g + 4. Suppose 0*p = 5*p. Suppose p = -2*l - 0*l + 84. What is the remainder when l is divided by m(-1)?
9
Let c(h) = -258*h + 3 + 258*h + h**2 - 4. Calculate the remainder when c(5) is divided by 13.
11
Let f = -253 - -335. Calculate the remainder when f is divided by 17.
14
Let q = -27 + 31. Suppose -4*p + q = 0, 9 - 1 = 3*w - p. Suppose w*z + 2*g = 21, 7*z - 4*g = 2*z + 35. What is the remainder when 23 is divided by z?
2
Suppose 0 = -5*y + 3*b - 1, -10*y - 2*b = -6*y - 8. Let f(v) = 12*v**2 - 2*v + 1. What is the remainder when 32 is divided by f(y)?
10
Let b(z) = -z**3 - 5*z**2 + 8*z + 8. Let v be b(-6). Let h = v + 2. Calculate the remainder when (-2 - (2 - -18))/h is divided by 3.
2
Let x(p) = -p + 5. Suppose 2*s - 4*s = 3*k - 28, -3*s - 2*k = -32. Calculate the remainder when s is divided by x(3).
0
What is the remainder when 107 is divided by 1/(-2) + (-441)/(-18)?
11
Suppose 61 = 2*a - j + 6, 5*a - 2*j - 135 = 0. Calculate the remainder when 274 is divided by a.
24
Suppose 4*t + c - 4*c -